
-1323002
-210201 (base 4) to base 16
-921
Convert 24101 (base 7) to base 15.
1c9e
What is -3014230 (base 5) in base 6?
-1010305
What is 25ae (base 16) in base 14?
3730
What is 10043 (base 5) in base 13?
3ab
-220020 (base 3) to base 15
-2d9
Convert 4ce8 (base 15) to base 3.
211112002
Convert -9d (base 15) to base 16.
-94
What is 1101314 (base 5) in base 2?
100101000001111
-17850 (base 10) to base 15
-5450
Convert 11101101 (base 2) to base 8.
355
-1515 (base 7) to base 13
-372
Convert 48532 (base 9) to base 10.
32510
-893 (base 11) to base 7
-3056
Convert -11001001011 (base 2) to base 8.
-3113
What is 201 (base 3) in base 10?
19
Convert c (base 13) to base 14.
c
100302 (base 4) to base 12
756
Convert -764 (base 15) to base 4.
-122011
What is -2310 (base 4) in base 11?
-154
-5515 (base 6) to base 13
-76a
What is -22564 (base 7) in base 12?
-3417
Convert 1002210 (base 3) to base 9.
1083
1100110001101 (base 2) to base 7
25033
What is c7 (base 14) in base 3?
20111
Convert 4616 (base 12) to base 7.
31503
What is 809 (base 11) in base 2?
1111010001
-4520 (base 6) to base 16
-420
What is -f55 (base 16) in base 10?
-3925
What is -2bc7 (base 16) in base 9?
-16332
Convert 32411 (base 6) to base 15.
14d1
Convert -762 (base 11) to base 9.
-1226
4402 (base 6) to base 4
33302
-101001110111 (base 2) to base 10
-2679
Convert -33131 (base 4) to base 12.
-6a5
Convert 81 (base 16) to base 10.
129
10203122 (base 4) to base 7
105242
-4203 (base 5) to base 7
-1420
3383 (base 13) to base 3
100212212
Convert 32332 (base 4) to base 7.
2536
What is 1110101000001 (base 2) in base 6?
54401
-3a6b (base 16) to base 10
-14955
What is 1053 (base 13) in base 6?
14253
Convert a51 (base 16) to base 3.
10121211
What is 255 (base 8) in base 12?
125
264 (base 15) to base 8
1040
What is 1003403 (base 5) in base 13?
7439
What is -1102202021 (base 3) in base 10?
-28249
-6c7b (base 13) to base 9
-23003
Convert -153 (base 10) to base 5.
-1103
What is -23034 (base 8) in base 12?
-5790
Convert -17776 (base 8) to base 5.
-230230
What is -18368 (base 9) in base 10?
-12698
-211 (base 9) to base 4
-2230
What is 220011000 (base 3) in base 2?
100010011000100
What is 11000011001 (base 2) in base 15?
6e1
Convert -641 (base 8) to base 12.
-2a9
Convert 421 (base 11) to base 6.
2203
-22106 (base 11) to base 13
-117a0
1a718 (base 12) to base 6
500432
Convert -1514 (base 10) to base 11.
-1157
Convert 1026 (base 16) to base 9.
5603
1106 (base 10) to base 16
452
a89d (base 14) to base 9
43875
Convert 3416 (base 11) to base 5.
120434
Convert 6c6 (base 16) to base 13.
a35
Convert 14202 (base 6) to base 14.
b58
What is 541154 (base 6) in base 14?
1223c
-4540 (base 11) to base 8
-13525
Convert -105510 (base 7) to base 6.
-222530
What is 254 (base 13) in base 5?
3112
Convert 1553 (base 7) to base 13.
392
What is 201201220 (base 3) in base 6?
150340
2024 (base 11) to base 15
be3
What is 10001111001 (base 2) in base 3?
1120102
Convert 9ab (base 15) to base 9.
2888
-11211121 (base 3) to base 5
-103101
What is 211011 (base 4) in base 6?
14553
What is -c28 (base 13) in base 10?
-2062
Convert -201 (base 11) to base 9.
-300
Convert -35113 (base 6) to base 9.
-6780
-44412 (base 5) to base 4
-300203
What is 1b0 (base 12) in base 3?
101020
What is -2740 (base 8) in base 2?
-10111100000
-1004 (base 15) to base 11
-25a2
Convert 2002002110 (base 3) to base 9.
62073
What is -101000100001 (base 2) in base 3?
-10120001
Convert -515 (base 6) to base 15.
-cb
Convert -d90 (base 15) to base 2.
-101111110100
What is 14347 (base 9) in base 6?
113111
20a (base 14) to base 10
402
14402 (base 6) to base 12
1402
Convert -560 (base 13) to base 3.
-1021012
What is -122003 (base 4) in base 3?
-2021202
Convert -6188 (base 16) to base 11.
-17839
What is -223 (base 10) in base 2?
-11011111
Convert 35b0 (base 14) to base 13.
4356
Convert 210725 (base 8) to base 13.
25ba5
-2243 (base 9) to base 13
-9a8
-1160 (base 8) to base 9
-763
Convert -13455 (base 7) to base 14.
-149c
-472 (base 8) to base 13
-1b2
-3676 (base 12) to base 14
-2346
102100 (base 3) to base 7
615
-912 (base 11) to base 14
-58a
Convert -1061 (base 11) to base 3.
-1220210
-212102011 (base 3) to base 7
-100522
-235 (base 8) to base 6
-421
What is -2062 (base 7) in base 3?
-1000001
-52 (base 15) to base 10
-77
Convert -54120 (base 6) to base 16.
-1ce0
Convert 2ed (base 15) to base 2.
1010100001
What is 253a7 (base 11) in base 14?
d3b3
What is -613 (base 8) in base 10?
-395
What is -74b9 (base 12) in base 6?
-135153
What is -110102 (base 3) in base 16?
-14f
Convert 1551 (base 9) to base 2.
10010011100
What is 22010 (base 4) in base 15?
2ce
-2651 (base 9) to base 6
-13114
What is -30412 (base 5) in base 6?
-13102
1459 (base 11) to base 6
12411
Convert -2501 (base 6) to base 13.
-382
506a (base 13) to base 16
2b41
Convert -ca (base 13) to base 5.
-1131
Convert 824 (base 14) to base 4.
121000
Convert 476 (base 14) to base 3.
1012220
1308 (base 9) to base 10
980
What is a7 (base 14) in base 2?
10010011
Convert 8ff (base 16) to base 12.
13bb
245a (base 12) to base 2
1000000000110
-a0 (base 13) to base 14
-94
What is 54d (base 15) in base 9?
1571
Convert 1122230 (base 4) to base 10.
5804
What is -7b49 (base 13) in base 15?
-51d4
Convert -27844 (base 9) to base 3.
-221221111
-4686 (base 13) to base 4
-2122320
1110000110 (base 2) to base 12
632
3d51 (base 16) to base 12
9101
34032 (base 6) to base 7
16625
112121221 (base 3) to base 6
121211
What is -10413 (base 5) in base 15?
-33d
What is -1510201 (base 6) in base 10?
-86905
What is 8e (base 15) in base 9?
158
Convert 412440 (base 5) to base 13.
61b1
-18439 (base 11) to base 3
-1022102010
Convert -11 (base 12) to base 10.
-13
What is -45101 (base 8) in base 6?
-224001
-1211211200 (base 3) to base 5
-2130313
-de40 (base 16) to base 3
-2220001021
Convert 2980 (base 10) to base 14.
112c
What is 3205 (base 6) in base 7?
2054
-374 (base 14) to base 5
-10230
-431 (base 5) to base 2
-1110100
What is 131413 (base 6) in base 5?
341113
Convert 34da (base 15) to base 12.
65ba
What is -25464 (base 8) in base 11?
-8345
Convert 4cb3 (base 14) to base 8.
32255
What is 189 (base 10) in base 3?
21000
Convert -1408 (base 9) to base 3.
-1110022
Convert -101110011 (base 2) to base 7.
-1040
-2001211 (base 3) to base 7
-4252
What is -151 (base 9) in base 8?
-177
Convert 33b (base 15) to base 12.
50b
What is 4929 (base 11) in base 9?
8750
Convert 43203 (base 6) to base 15.
1b3c
What is -280 (base 11) in base 13?
-1c5
Convert -3108 (base 10) to base 14.
-11c0
What is 7877 (base 12) in base 11?
a027
Convert -557 (base 11) to base 6.
-3031
What is b5 (base 13) in base 5?
1043
Convert 230101 (base 5) to base 6.
101423
Convert 6523 (base 7) to base 9.
3157
Convert -2220022 (base 3) to base 15.
-95e
What is -13434 (base 11) in base 7?
-106563
What is -63 (base 11) in base 2?
-1000101
What is -100 (base 8) in base 13?
-4c
Convert -2010110211 (base 3) to base 11.
-29530
What is 7121 (base 12) in base 7?
50521
What is 213050 (base 7) in base 2?
1001000011010111
2201310 (base 4) to base 16
2874
Convert -1202303 (base 4) to base 5.
-200243
Convert 1231013 (base 4) to base 10.
6983
Convert -a34 (base 13) to base 9.
-2335
What is -110010000000 (base 2) in base 13?
-15c2
What is 2110 (base 5) in base 15?
13a
What is 31733 (base 10) in base 9?
47468
Convert -2a8 (base 11) to base 7.
-1023
Convert -120112 (base 3) to base 14.
-21d
11100200 (base 3) to base 7
12156
-13653 (base 13) to base 15
-ab09
Convert 4dc0 (base 16) to base 7.
112013
Convert 204430 (base 5) to base 9.
10367
Convert 1771 (base 10) to base 3.
2102121
1350 (base 8) to base 14
3b2
What is -1332 (base 11) in base 8?
-3301
30144 (base 6) to base 9
5371
Convert 210 (base 4) to base 12.
30
Convert da3 (base 14) to base 6.
20243
Convert -104a (base 11) to base 2.
-10101101001
7ab (base 12) to base 6
5135
ba1 (base 12) to base 6
11521
-2040 (base 5) to base 4
-10032
What is -32004 (base 10) in base 13?
-1174b
42032 (base 5) to base 3
10210111
Convert 1022100 (base 3) to base 16.
3ba
14720 (base 9) to base 2
10011101001110
753b (base 13) to base 16
3f92
What is -10112211112 (base 3) in base 13?
-25a51
Convert -ae (base 16) to base 11.
-149
-436 (base 9) to base 13
-216
Convert 1da (base 15) to base 12.
2ba
-42